 w + 4. Determine c(2).
-2
Let l(u) = -8*u**2 - 153*u - 307. Calculate l(-2).
-33
Let n(j) = 73*j - 1278. Calculate n(17).
-37
Let c(y) = y**3 - 9*y**2 - 31*y + 107. Determine c(10).
-103
Let o(g) = -g**2 - 24*g - 66. Calculate o(-3).
-3
Let d(t) = t**3 - 46*t**2 + 11*t - 430. Calculate d(46).
76
Let y(a) = -a**2 + 160*a - 322. Calculate y(2).
-6
Let g(v) = 3517*v - 24632. Give g(7).
-13
Let d(w) = w**2 + 28*w - 85. Give d(-31).
8
Let z(n) = 50*n**2 + 13*n - 1. Determine z(-1).
36
Let p(f) = 49*f**2 + 1373*f + 36. Determine p(-28).
8
Let f(p) = 15*p + 492. Determine f(-39).
-93
Let s(w) = w**3 - 10*w**2 + 36*w - 19. Give s(10).
341
Let p(o) = 321*o - 2246. Give p(7).
1
Let j(d) = -d**3 - 9*d**2 + 181*d - 47. Calculate j(8).
313
Let r(v) = -v**2 - 16*v - 36. Give r(-15).
-21
Let i(y) = -46*y + 351. Calculate i(9).
-63
Let q(s) = -22*s - 517. Give q(-23).
-11
Let n(b) = -133*b - 2001. Give n(-15).
-6
Let r(z) = -z**3 - 9*z**2 + 8*z + 50. Determine r(-11).
204
Let n(a) = 2*a**3 + 52*a**2 - 70*a + 17. Give n(1).
1
Let m(g) = -4*g**2 - 61*g - 206. Calculate m(-8).
26
Let u(n) = 21*n + 1632. Determine u(-78).
-6
Let j(x) = x**3 - 9*x**2 - 10*x - 26. What is j(10)?
-26
Let x(g) = -134*g + 3. Give x(-1).
137
Let w(b) = -b**2 + 64*b + 567. Give w(72).
-9
Let v(t) = -240*t + 2664. Calculate v(11).
24
Let m(p) = -p**2 + 25*p - 159. What is m(11)?
-5
Let l(h) = 38*h - 189. Determine l(-3).
-303
Let q(l) = -l**2 - 117*l - 3399. Give q(-63).
3
Let x(g) = g**2 + 107*g + 1227. Determine x(-94).
5
Let t(f) = -f**3 + f**2 + 142*f - 548. Give t(10).
-28
Let i(p) = -10*p + 211. Determine i(21).
1
Let f(a) = -7*a**3 + 20*a**2 + 3*a - 8. Calculate f(-2).
122
Let j(o) = 16*o + 1135. Give j(-70).
15
Let f(g) = -232*g + 4850. Give f(21).
-22
Let t(h) = -8*h**2 + 27*h + 3. Give t(7).
-200
Let c(w) = 2*w**3 - 102*w - 102. What is c(-1)?
-2
Let o(i) = -1726*i**2 + i + 4. Determine o(0).
4
Let g(s) = -95*s - 523. Determine g(-10).
427
Let d(s) = -9*s - 541. What is d(-52)?
-73
Let w(o) = o**2 + 26*o - 1323. What is w(26)?
29
Let l(r) = -1315*r + 27626. What is l(21)?
11
Let u(c) = 33*c + 229. Calculate u(4).
361
Let w(d) = 41*d**2 + 287*d + 13. Calculate w(-7).
13
Let w(a) = a**2 - 24*a - 53. What is w(33)?
244
Let a(z) = -109*z + 5879. Determine a(54).
-7
Let h(v) = 6*v**2 - 44*v + 141. Give h(3).
63
Let d(q) = 5*q**2 + 107*q - 12. Calculate d(-21).
-54
Let g(x) = x**3 + 45*x**2 - 2*x - 107. Give g(-45).
-17
Let v(f) = f**3 + 11*f**2 - 171*f + 30. Give v(-20).
-150
Let q(y) = -2*y**2 + 5*y + 1457. Give q(-25).
82
Let q(n) = -n**2 + 211*n - 3751. What is q(20)?
69
Let s(j) = 125*j + 45. Determine s(-4).
-455
Let t(l) = 7*l**2 - 156*l + 28. Determine t(22).
-16
Let y(t) = -55*t - 251. What is y(-6)?
79
Let z(b) = 4*b**3 + 8*b**2 - 29*b + 10. Determine z(-3).
61
Let u(h) = h**3 - 13*h**2 - 108*h + 1359. Calculate u(10).
-21
Let v(f) = f**2 - 73*f - 118. Determine v(63).
-748
Let a(w) = -w**3 + 3*w**2 + 1561*w + 124. Give a(-38).
10
Let h(g) = 9*g**2 - 2*g + 6. Determine h(-1).
17
Let g(u) = 4*u**2 - 70*u + 15. Determine g(17).
-19
Let h(u) = -u**3 + 21*u**2 - 14*u - 61. What is h(21)?
-355
Let j(r) = r**3 - 8*r**2 - 10*r - 4. What is j(11)?
249
Let o(d) = -22*d**2 - 827*d + 365. Calculate o(-38).
23
Let w(d) = -9*d**2 - 30*d - 29. Give w(-1).
-8
Let p(j) = 2*j**2 - 120*j - 702. Give p(65).
-52
Let a(v) = -v**3 - 3*v**2 + 2*v + 4. Calculate a(-7).
186
Let r(v) = -v**3 - 5*v**2 + 6*v - 8. What is r(-6)?
-8
Let k(f) = -2*f**2 + 79*f - 18. Calculate k(39).
21
Let y(g) = 42*g**2 - 1640*g + 54. What is y(39)?
-24
Let x(h) = 35*h + 400. Give x(-13).
-55
Let v(c) = -71*c + 73. What is v(1)?
2
Let q(z) = 4*z**2 + 7*z - 11. What is q(2)?
19
Let o(x) = -22*x + 850. Give o(40).
-30
Let x(k) = -640*k + 345. Calculate x(1).
-295
Let k(v) = 14*v**2 - 553*v - 93. Calculate k(40).
187
Let d(w) = -w**2 - 28*w + 123. Calculate d(-32).
-5
Let u(t) = -t**3 - 4*t**2 - 3*t + 26. Determine u(4).
-114
Let g(q) = -q**3 - 18*q**2 - 2*q + 31. Give g(-18).
67
Let g(n) = 94*n + 844. What is g(-9)?
-2
Let t(q) = -5*q**3 - 306*q**2 + 249*q + 55. Determine t(-62).
-7
Let l(q) = -q**3 - 2*q**2 + q - 2. Determine l(-2).
-4
Let d(c) = -c**2 - 60*c - 100. Give d(-59).
-41
Let s(p) = p**3 - 6*p**2 - 25*p - 203. Give s(0).
-203
Let b(c) = c**3 + 3*c**2 - 15*c - 12. Give b(-6).
-30
Let m(w) = w**2 + 875*w - 3503. Determine m(4).
13
Let v(d) = -4*d**2 - 839*d + 5094. Give v(6).
-84
Let v(i) = -i**2 - 274*i - 5541. What is v(-252)?
3
Let t(d) = d**3 - 10*d**2 - 102*d + 6. What is t(16)?
-90
Let m(k) = k**3 + 24*k**2 + 63*k + 868. What is m(-23)?
-52
Let o(w) = -w**3 + 22*w**2 - 118*w + 16. Calculate o(9).
7
Let f(t) = -93*t - 4182. What is f(-45)?
3
Let y(j) = -26*j + 1547. What is y(52)?
195
Let j(m) = 317*m + 7595. Calculate j(-24).
-13
Let w(u) = -4485*u - 53816. Calculate w(-12).
4
Let v(p) = 30*p**2 - 22*p - 21. What is v(-1)?
31
Let f(m) = 2*m**2 - 307*m - 1916. Determine f(-6).
-2
Let i(u) = -u**3 - 34*u**2 + 79*u - 21. Give i(2).
-7
Let h(s) = -2*s**2 + 100*s + 48. What is h(51)?
-54
Let y(p) = 4*p**3 - 50*p**2 - 90*p + 39. Calculate y(14).
-45
Let m(n) = -n**2 - 89*n - 1608. Calculate m(-25).
-8
Let t(x) = -30*x**2 + 14*x + 2. What is t(2)?
-90
Let i(s) = -4*s**3 + 390*s**2 + 194*s + 149. Give i(98).
-47
Let d(u) = 15*u - 1876. What is d(125)?
-1
Let o(n) = 479*n - 4307. Give o(9).
4
Let o(v) = 7*v**2 - 7*v + 10. Determine o(2).
24
Let r(h) = h**2 - 13*h + 40. What is r(19)?
154
Let o(m) = 308*m + 6162. Calculate o(-20).
2
Let h(f) = 99*f**2 + 602*f. Give h(-6).
-48
Let o(n) = n**3 + 18*n**2 - 659*n - 391. Calculate o(-36).
5
Let o(c) = -60*c + 1560. Calculate o(26).
0
Let t(r) = 2102*r - 25185. Give t(12).
39
Let l(u) = -u**3 + 14*u**2 - 22*u - 2. Calculate l(12).
22
Let d(n) = -n**2 + 15*n + 1667. Determine d(49).
1
Let w(j) = 21*j**2 + 104*j + 20. Give w(-7).
321
Let b(v) = -33*v**2 - 205*v - 13. What is b(-6)?
29
Let g(q) = 1957*q - 11750. Give g(6).
-8
Let a(m) = m**3 - 117*m**2 + 97*m + 2210. Give a(116).
6
Let k(y) = -y**3 + 37*y**2 - 69*y + 2. Determine k(35).
37
Let p(l) = 337*l + 667. Calculate p(-2).
-7
Let n(r) = -2*r**3 - 335*r**2 - 496*r + 297. What is n(-166)?
-35
Let n(y) = 283*y - 11036. Give n(39).
1
Let m(n) = -168*n - 749. What is m(-5)?
91
Let p(d) = -d**3 - d**2 + 8*d - 15. What is p(5)?
-125
Let f(w) = 1113*w + 4435. Give f(-4).
-17
Let h(v) = 18*v**2 - 16*v - 5. Calculate h(3).
109
Let z(n) = 7*n**3 - 29*n**2 + 3*n + 10. Determine z(0).
10
Let g(a) = -a**3 + 11*a**2 + 18*a - 268. Determine g(10).
12
Let s(k) = -2*k**3 + 51*k**2 - 21*k - 70. Determine s(25).
30
Let z(f) = f**3 - f**2 + 5966*f - 1. Give z(0).
-1
Let h(v) = -14*v**3 - 76*v**2 - 34*v - 20. What is h(-5)?
0
Let a(k) = k**3 - 10*k**2 - 5*k + 26. What is a(8)?
-142
Let r(b) = -20*b**2 - 3*b - 2. Calculate r(-4).
-310
Let a(f) = 28*f + 15. Determine a(9).
267
Let w(v) = -7*v - 81. Determine w(-65).
374
Let v(t) = -2990*t + 35888. What is v(12)?
8
Let q(c) = 22*c**2 + 3*c + 1. What is q(-1)?
20
Let k(l) = -2*l - 139. Calculate k(-77).
15
Let n(m) = -23*m**2 - 1015*m - 125. Calculate n(-44).
7
Let d(g) = g**3 + 10*g**2 + 4*g - 1. Determine d(-9).
44
Let n(j) = -15*j**3 - 2*j**2 - 11*j - 3. Give n(3).
-459
Let q(c) = c**2 - c - 8. Give q(-3).
4
Let s(t) = 61*t + 873. Calculate s(-14).
19
Let w(b) = -b**2 - 48*b - 21. Give w(0).
-21
Let h(s) = -11*s + 108. Give h(-9).
207
Let c(k) = -2*k**2 - 19*k + 193. Determine c(-14).
67
Let g(x) = -3*x**2 - 5. Determine g(-2).
-17
Let q(x) = x**3 + 15*x**2 + 34*x + 66. What is q(-11)?
176
Let k(r) = -3*r**3 + 36*r**2 + 2. Give k(12).
2
Let r(p) = 98*p + 256. Determine r(-3).
-38
Let p(x) = 21*x**3 + 137*x**2 - 77*x + 5. Give p(-7).
54
Let r(j) = -j + 175. Give r(62).
113
Let x(y) = y**3 + 56*y**2 - 116*y + 350. Give x(-58).
350
Let y(q) = -2*q**3 - 19*q**2 + 6*q + 9. Determine y(-10).
49
Let h(q) = 94*q + 1746. What is h(-18)?
54
Let a(b) = 2*b**3 - 16*b**2 - 26*b - 10. What is a(-1)?
-2
Let f(s) = 6*s - 79. What is f(7)?
-37
Let p(g) = -g**3 + 7*g**2 + 5*g + 11. Calculate p(8).
-13
Let d(o) = -61*o - 777. Give d(-13).
16
Let z(l) = -2*l**3 + 107*l**2 + 47*l - 30. Calculate z(54).
-408
Let b(s) = -94*s + 868. Calculate b(9).
22
Let z(i) = -5*i**2 - 44*i + 38. Determine z(-10).
-22
Let